 d be s(1). Let x = -139 - -388. Suppose d*y - x = y. Is y composite?
False
Let w(o) = -48*o - 5. Is w(-7) a prime number?
True
Let x be (-178 - (0 + 0)) + -2. Is x/(-16) - (-2)/(-8) prime?
True
Let p = 2 - -2. Suppose 124 = 4*v - 3*n - 148, p*v - 280 = 5*n. Is v a composite number?
True
Let c(b) = -b**2 - 2*b + 7. Let g be c(-5). Is (9 + g)/((-1)/(-62)) a prime number?
False
Let f be 1*(-2)/2*-114. Let m = 8 + -4. Suppose -106 = -m*n + f. Is n prime?
False
Let q(x) = -x**3 - 12*x**2 - 15*x - 5. Is q(-11) a composite number?
True
Suppose -3*k + 206 = -2*b, 5*k + 2*b = 3*b + 341. Suppose 3*f + 5*y - 413 = k, -4*f - 2*y = -632. Is f a prime number?
True
Suppose 2*x + 5*h - 25 = -2*x, 0 = 3*x + 3*h - 18. Suppose -1601 = -x*z + 1784. Is z a composite number?
False
Let b(i) = i**3 + 8*i**2 + 8*i - 4. Let y be b(-7). Let q(m) = 2*m**3 + 3*m + 7 - 4*m**2 - 4*m**3 + m**3 - 6*m**2. Is q(y) prime?
False
Suppose 0*v - 230 = -5*v. Suppose -2*k + 21 = -3*h, 2*h - v = -4*k + 20. Is k prime?
False
Let u(f) = 11*f**2 + 14*f - 4. Is u(-7) composite?
True
Let c(t) = -t**3 + 9*t**2 - 7*t - 6. Let l be c(8). Suppose 46 = -l*x + 144. Is x composite?
True
Is -6*(-2)/12*86 a prime number?
False
Let j(x) be the third derivative of x**2 + 1/30*x**5 + 0*x + 1/3*x**3 + 3/8*x**4 + 0. Is j(-7) a prime number?
True
Let l = 950 - 611. Is l a prime number?
False
Suppose -z = 7 - 29. Is z a composite number?
True
Let o = -8724 - -13223. Is o composite?
True
Let c(z) = -z**2 - 9*z - 5. Suppose 4*p = -3*r + 7*r + 44, -r - 17 = -3*p. Let j be c(r). Is j/2*134/3 composite?
False
Suppose -10*f = -f - 1611. Is f composite?
False
Suppose 0 = 5*t - 14 + 4. Suppose -t*p - a - 9 = -6*a, 5*a - 21 = -2*p. Is (30/8)/(p/12) a composite number?
True
Suppose 0 = -2*m + 7*m - 175. Is m a composite number?
True
Let l(q) = 11*q + 10. Is l(11) prime?
True
Let f be (24/20)/((-6)/(-5745)). Suppose -82 = 5*k + 3*d - f, -5*k - d = -1059. Is k prime?
True
Let a(s) = 76*s - 11. Is a(9) a composite number?
False
Suppose f + 106 = 5*k - 130, k - 43 = -4*f. Is k a composite number?
False
Let v(l) = 5*l**2 + 28*l + 10. Is v(-13) a prime number?
True
Let b(x) = 3 + 20*x - 2*x + 8*x - 2. Is b(3) a prime number?
True
Let c be 2*-1 + 1 - -32. Is (0 + 0 - c)*-1 a composite number?
False
Suppose w - 456 - 1925 = 5*n, -5*n - 4757 = -2*w. Suppose -w = -5*m - 611. Is m prime?
True
Let y(w) = -w**3 - 6*w**2 + 11*w - 13. Is y(-11) composite?
True
Let a = 25 + -43. Let j be 6/(-5)*60/a. Suppose 0*i = j*i - 316. Is i prime?
True
Let z(c) = c**3 - 4*c**2 + 4*c - 1. Let j(v) = v**3 + 3*v**2 - 4*v + 3. Let w be j(-4). Let o be z(w). Is (79/4)/(o/8) prime?
True
Let x = 40 - 33. Is x prime?
True
Suppose 3*q - 2*h = 5, 2*q - 4*q + 35 = 5*h. Is (-7)/((-2)/(-3 + q)) prime?
True
Let h(a) = -31*a**2 - 1. Let z(u) = -u**2 - 6*u + 8. Let i be z(-7). Let v be h(i). Let j = 1 - v. Is j a composite number?
True
Let c = 18 - -35. Is c a composite number?
False
Suppose -2*r = 10, v + 5*r + 7 + 15 = 0. Suppose 0 = -o - v*o + 4348. Suppose -4*d = -o + 147. Is d composite?
True
Let k be (-5 + 3)*(-12)/8. Let w(y) = y**3 - 5*y**2 - 7*y + 8. Let s be w(6). Suppose -4*u - i = -151, 4*u + k*i - 83 = s*u. Is u prime?
True
Let y be (-2)/(-6) - 10/(-6). Is 1606/18 - y/9 composite?
False
Suppose 0 = -4*b + b + 6. Suppose -264 = -5*x + h, -b*x + 99 = 3*h - 10. Is x a composite number?
False
Let h be (-168)/(0 + 1)*-1. Suppose -11 = y - h. Is y composite?
False
Let z(o) = -o + 57. Is z(26) prime?
True
Is 86 - (0 + 1)*-1 a prime number?
False
Let m(x) = x - 1. Let s be m(3). Suppose 0*w + s*w = 0. Is (3 - w)*37/3 a composite number?
False
Suppose -2*r - 4*j - 6 = -0*r, 3*r - 5*j - 24 = 0. Suppose r*x - 14 = -5*i, 3*i + i - 10 = -3*x. Let u(w) = 3*w**2 - 2*w - 1. Is u(i) a composite number?
True
Let p(c) = -25*c**3 - 2*c**2 + 3*c + 4. Let m be p(-3). Let z = m - 441. Is z prime?
True
Suppose 0 = -5*g + 20, -3*p - p = -3*g - 372. Let j = -59 + p. Is j composite?
False
Let t(f) = 2*f**2 - 5*f - 3. Let r be t(5). Let j = 43 - r. Is j a composite number?
True
Suppose -137 = f - 35. Suppose -j = -r - 6*j - 22, -5*j - 59 = 2*r. Let n = r - f. Is n prime?
False
Let v(c) = 5*c**2 + 3*c + 2. Let g be v(-3). Is (g/6)/(3/63) prime?
False
Let j be 51/4 + 3/12. Suppose 5*f + j = -r + 47, f + 3*r - 4 = 0. Is f a composite number?
False
Suppose 0 = 4*l + 4*p - 708, -2*l - 2*p + 354 = 2*p. Let b = l + 46. Is b prime?
True
Suppose -4*m + 18 = 5*x - 6, 40 = 4*m + x. Suppose 5*u = -5*f + 3*u - 1, -f = -5*u + m. Is (1 - 0/f) + 22 a prime number?
True
Suppose -6*t = 800 - 5054. Is t a prime number?
True
Let v = 28 - 20. Let i = v - -11. Is i prime?
True
Suppose 0 = -4*h + h - 1080. Let z = -241 - h. Is z a prime number?
False
Is -2*5/35 + (-6603)/(-7) composite?
True
Suppose 5*x + 0*o = -4*o + 3745, -1510 = -2*x - 4*o. Is x a prime number?
False
Let b(u) = -127*u + 15. Is b(-4) a composite number?
False
Suppose 56 = -5*a + 7*a. Is (-4)/a + 1044/7 a prime number?
True
Let p = 0 - -2. Suppose p*a = 6*a - 220. Suppose 3*f = -2*f + a. Is f a prime number?
True
Suppose 0 = -2*m + 3*m - 1, 4*b = m - 185. Let t be (2 + -2)/2 - b. Suppose 2 = -2*c, -5*p - 5*c - t = -296. Is p prime?
False
Let m be 373/(1*2/4). Let h = m - 393. Is h prime?
True
Let w = 9 - 9. Suppose w*x - 79 = -x. Is x a prime number?
True
Suppose -3*h + 3 = -g, 0 = -4*g - 3*h + h - 12. Is 76 - ((5 - 3) + g) prime?
False
Suppose 2*j - 253 = -2*j + 3*c, 5*j + 2*c - 345 = 0. Is j a composite number?
False
Let m(f) = -23*f**3 - 3*f**2 + 10*f - 3. Is m(-7) prime?
True
Let t(s) = -s**3 - 14*s**2 - 18*s + 20. Is t(-17) prime?
True
Let u(x) = -54*x**3 + x**2 + x + 1. Is u(-1) a composite number?
True
Suppose -2346 = -10*t + 4*t. Is t a composite number?
True
Suppose 2*k - 1643 = 33. Is k prime?
False
Let f(h) = 11*h - 9. Let o(g) = 5*g - 5. Let m(j) = 2*f(j) - 5*o(j). Let b(z) = 8*z - 18. Let s(d) = 5*b(d) + 12*m(d). Is s(4) prime?
False
Let c(z) = 56*z**2 + 10*z - 7. Is c(-5) composite?
True
Let f(p) = -4*p. Let r be f(-1). Let w(n) = -r*n - 2*n**3 - 4*n**2 + 3*n**3 - 6 + 11. Is w(6) a composite number?
False
Suppose 0 = 2*o - f + 15, -5*o - 3*f - f - 18 = 0. Let b = o + 10. Suppose -y + 53 = b. Is y a composite number?
True
Suppose 0 = m - 0*m + 3, -3*h - 2*m + 9 = 0. Let x = 5 + h. Is x a prime number?
False
Let k = 0 - -6. Suppose -2*h + k = 0, -3*r + 2*h + 3 + 15 = 0. Is (-38)/(-4) + 4/r composite?
True
Let z = -7 + 5. Let k be z/((-2)/(-33)) + 3. Let i = -11 - k. Is i a composite number?
False
Let u = -322 + 503. Is u a prime number?
True
Let w be (-16)/(-6) - (-6)/(-9). Let d be ((-12)/8)/(w/(-1520)). Suppose d = 4*k + 328. Is k a composite number?
True
Let k(v) = -v**2 + 15*v + 5. Is k(14) composite?
False
Let d be (-90)/(-35) - 6/(-14). Suppose d*k + 0*k - 63 = 0. Is k a prime number?
False
Suppose -i + 0*d = -4*d - 18, -4*d = 4*i - 72. Let q be (-1)/(4/6 + -1). Suppose 0 = -q*g + g + i. Is g a composite number?
True
Suppose 5*r + n = 2*r + 1960, -5*r + 3263 = -2*n. Is r composite?
False
Let s(v) = 7*v**2 - 4*v - 1. Let x(w) = -w**2 + w. Let q(a) = s(a) + 2*x(a). Is q(2) a prime number?
False
Let f(g) = g**2 - 9*g - 7. Let l be f(-6). Suppose -a - l = -15. Let r = 145 + a. Is r composite?
True
Let i be 19/(-7) - 8/28. Let w = i - 1. Is (-8)/w*(-74)/(-4) composite?
False
Let v = 9 - 6. Suppose 2*n - v*n = -127. Is n a prime number?
True
Let g(x) = x**2 - 3*x - 14. Let j be g(6). Is j/30 - (-5093)/165 composite?
False
Let q be 0 - (-3 - (2 + -3)). Suppose i = -q*i + 201. Is i a prime number?
True
Suppose -3*k + 2841 = 3*w, 3*k + 1390 - 4199 = 5*w. Is k a prime number?
False
Is (-5)/5 - 4280/(-4) a composite number?
False
Let y be (-1 - -2) + (-72)/(-18). Let o(h) = 4*h**3 + 6*h**2 + 6*h + 3. Is o(y) a composite number?
False
Let u(o) = -o + 71. Let w be u(0). Let z(q) = -q**2 + 7*q - 3. Let l be z(6). Suppose 0 = 5*f - 4*i - w, l*f + 52 = 7*f - 2*i. Is f a composite number?
False
Suppose -13 = -2*i - f - 0, 15 = 3*f. Suppose i*r + n = 5*n + 236, 239 = 4*r - 3*n. Let m = -41 + r. Is m a composite number?
True
Suppose -v = 2*v. Suppose 4*c - 73 - 947 = v. Suppose -2*b - 51 = -f, c = 5*f + 5*b - 0*b. Is f prime?
False
Suppose 0 = -o + 2*q - 2 - 7, -2*q + 37 = -5*o. Let m(w) = -10*w + 7. Is m(o) composite?
Tru